708.
702
Calculate the remainder when 9515 is divided by 48.
11
Calculate the remainder when 23116 is divided by 51.
13
What is the remainder when 42685 is divided by 17?
15
What is the remainder when 2343669 is divided by 17?
15
What is the remainder when 224599 is divided by 854?
851
What is the remainder when 2113 is divided by 422?
3
Calculate the remainder when 26104 is divided by 225.
4
Calculate the remainder when 9620 is divided by 687.
2
What is the remainder when 112589 is divided by 22516?
9
Calculate the remainder when 482854 is divided by 2.
0
What is the remainder when 8641 is divided by 665?
661
Calculate the remainder when 155 is divided by 149.
6
Calculate the remainder when 14117 is divided by 4118.
1763
Calculate the remainder when 1655881 is divided by 551957.
10
What is the remainder when 23650 is divided by 90?
70
What is the remainder when 264 is divided by 203?
61
Calculate the remainder when 244828 is divided by 13.
12
What is the remainder when 6948 is divided by 1155?
18
What is the remainder when 20371 is divided by 37?
21
What is the remainder when 44885 is divided by 371?
365
Calculate the remainder when 10289 is divided by 514.
9
What is the remainder when 1726816 is divided by 127?
124
Calculate the remainder when 82094 is divided by 975.
194
What is the remainder when 5114 is divided by 451?
153
Calculate the remainder when 19546 is divided by 37.
10
Calculate the remainder when 4855 is divided by 22.
15
What is the remainder when 28394 is divided by 7095?
14
What is the remainder when 171535 is divided by 87?
58
Calculate the remainder when 17715 is divided by 103.
102
What is the remainder when 169980 is divided by 904?
28
Calculate the remainder when 8034 is divided by 268.
262
Calculate the remainder when 16638 is divided by 150.
138
Calculate the remainder when 12491 is divided by 3063.
239
Calculate the remainder when 42850 is divided by 5353.
26
Calculate the remainder when 5278 is divided by 485.
428
Calculate the remainder when 26810 is divided by 3829.
7
What is the remainder when 3406 is divided by 435?
361
What is the remainder when 15835 is divided by 13?
1
What is the remainder when 59196 is divided by 190?
106
What is the remainder when 142923 is divided by 5101?
95
What is the remainder when 805 is divided by 102?
91
What is the remainder when 12235 is divided by 1246?
1021
Calculate the remainder when 6827 is divided by 2209.
200
Calculate the remainder when 63077 is divided by 1651.
339
What is the remainder when 8307 is divided by 30?
27
Calculate the remainder when 3583 is divided by 1164.
91
Calculate the remainder when 25084 is divided by 534.
520
What is the remainder when 57719 is divided by 19234?
17
What is the remainder when 1268 is divided by 157?
12
Calculate the remainder when 7874 is divided by 239.
226
What is the remainder when 571 is divided by 162?
85
Calculate the remainder when 36174 is divided by 119.
117
Calculate the remainder when 5676 is divided by 400.
76
What is the remainder when 54403 is divided by 24?
19
What is the remainder when 1909 is divided by 1739?
170
Calculate the remainder when 5455 is divided by 680.
15
What is the remainder when 19178 is divided by 115?
88
Calculate the remainder when 284889 is divided by 893.
22
What is the remainder when 3245 is divided by 135?
5
Calculate the remainder when 1543 is divided by 15.
13
What is the remainder when 7859 is divided by 494?
449
What is the remainder when 2773 is divided by 8?
5
What is the remainder when 1146 is divided by 290?
276
Calculate the remainder when 69327 is divided by 9.
0
Calculate the remainder when 429774 is divided by 477.
474
What is the remainder when 4174 is divided by 3310?
864
Calculate the remainder when 12464 is divided by 32.
16
What is the remainder when 1228 is divided by 562?
104
What is the remainder when 482 is divided by 409?
73
Calculate the remainder when 4926 is divided by 56.
54
Calculate the remainder when 54059 is divided by 51.
50
What is the remainder when 4789 is divided by 1580?
49
What is the remainder when 68330 is divided by 6210?
20
Calculate the remainder when 8278 is divided by 41.
37
Calculate the remainder when 937535 is divided by 229.
9
Calculate the remainder when 35303 is divided by 122.
45
Calculate the remainder when 14624 is divided by 22.
16
Calculate the remainder when 8816 is divided by 367.
8
Calculate the remainder when 1105787 is divided by 12.
11
Calculate the remainder when 36184 is divided by 51.
25
What is the remainder when 2326885 is divided by 10?
5
Calculate the remainder when 40283 is divided by 7947.
548
Calculate the remainder when 3096 is divided by 2978.
118
What is the remainder when 11958 is divided by 41?
27
What is the remainder when 10931 is divided by 187?
85
What is the remainder when 6283 is divided by 273?
4
Calculate the remainder when 114693 is divided by 7166.
37
Calculate the remainder when 46593 is divided by 16.
1
Calculate the remainder when 229046 is divided by 450.
446
What is the remainder when 163979 is divided by 385?
354
Calculate the remainder when 90623 is divided by 163.
158
What is the remainder when 46826 is divided by 363?
362
Calculate the remainder when 476139 is divided by 46.
39
What is the remainder when 25070 is divided by 25064?
6
Calculate the remainder when 5624 is divided by 2807.
10
What is the remainder when 1866 is divided by 569?
159
Calculate the remainder when 8937 is divided by 14.
5
What is the remainder when 281960 is divided by 673?
646
Calculate the remainder when 92974 is divided by 9.
4
What is the remainder when 4217 is divided by 106?
83
What is the remainder when 1452 is divided by 380?
312
Calculate the remainder when 1513 is divided by 521.
471
What is the remainder when 13976 is divided by 1828?
1180
What is the remainder when 57563 is divided by 619?
615
What is the remainder when 5318 is divided by 278?
36
Calculate the remainder when 10149 is divided by 8.
5
What is the remainder when 104421 is divided by 229?
226
Calculate the remainder when 20865 is divided by 133.
117
Calculate the remainder when 10257 is divided by 271.
230
Calculate the remainder when 14104 is divided by 455.
454
What is the remainder when 611446 is divided by 24?
22
Calculate the remainder when 20988 is divided by 123.
78
Calculate the remainder when 4328 is divided by 699.
134
Calculate the remainder when 7287 is divided by 129.
63
What is the remainder when 99665 is divided by 339?
338
What is the remainder when 110648 is divided by 35?
13
Calculate the remainder when 355 is divided by 186.
169
Calculate the remainder when 36175 is divided by 335.
330
What is the remainder when 7253 is divided by 61?
55
Calculate the remainder when 2990 is divided by 565.
165
What is the remainder when 13082 is divided by 4357?
11
Calculate the remainder when 87471 is divided by 232.
7
Calculate the remainder when 64019 is divided by 56.
11
Calculate the remainder when 58565 is divided by 14638.
13
What is the remainder when 39543 is divided by 747?
699
Calculate the remainder when 17760 is divided by 69.
27
What is the remainder when 158347 is divided by 114?
1
Calculate the remainder when 15915 is divided by 60.
15
What is the remainder when 26701 is divided by 26?
25
Calculate the remainder when 9769 is divided by 104.
97
What is the remainder when 85257 is divided by 21304?
41
Calculate the remainder when 2857 is divided by 924.
85
What is the remainder when 74129 is divided by 24684?
77
Calculate the remainder when 63533 is divided by 22.
19
What is the remainder when 2729 is divided by 899?
32
Calculate the remainder when 9440 is divided by 3117.
89
Calculate the remainder when 47120 is divided by 273.
164
Calculate the remainder when 5425 is divided by 453.
442
Calculate the remainder when 31215 is divided by 327.
150
Calculate the remainder when 1905 is divided by 436.
161
Calculate the remainder when 309 is divided by 146.
17
Calculate the remainder when 3781 is divided by 99.
19
What is the remainder when 1626055 is divided by 133?
130
What is the remainder when 20187 is divided by 297?
288
Calculate the remainder when 48478 is divided by 202.
200
What is the remainder when 4732 is divided by 674?
14
Cal